{"id":901,"date":"2020-01-14T13:37:50","date_gmt":"2020-01-14T12:37:50","guid":{"rendered":"https:\/\/waldorf.lima-city.at\/?page_id=3"},"modified":"2025-01-24T15:57:28","modified_gmt":"2025-01-24T14:57:28","slug":"datenschutzerklaerung","status":"publish","type":"page","link":"http:\/\/www.waldorfkindergartenseminar.at\/index.php\/datenschutzerklaerung\/","title":{"rendered":"Datenschutzerkl\u00e4rung"},"content":{"rendered":"<ul>\n<li><strong>Eigent\u00fcmer:<\/strong> Waldorfkindergarten-Seminar<br \/>der Wiener Vereinigung f\u00fcr Waldorfp\u00e4dagogik und Waldorfschulen &#8211; Erwachsenenbildung<\/li>\n<li><strong>Webmaster: <\/strong>Johannes Schreiner<\/li>\n<li><strong>Kontakt:<\/strong> sarahmader16@gmail.com<\/li>\n<\/ul>\n<p>Die Verwendung der oben angegebenen Kontaktdaten zur gewerblichen Werbung ist ausdr\u00fccklich nicht erw\u00fcnscht. Es sei denn, wir haben Ihnen zuvor seine schriftliche Einwilligung erteilt oder es besteht bereits eine Gesch\u00e4ftsbeziehung.<\/p>\n<p>Wir und alle auf dieser Website t\u00e4tigen Personen widersprechen hiermit jeder kommerziellen Verwendung und Weitergabe unserer Daten.<\/p>\n<hr \/>\n<h3>Welche personenbezogenen Daten wir sammeln und warum wir diese sammeln<\/h3>\n<hr \/>\n<h3>BesucherInnen der Seite<\/h3>\n<p>Die Seite benutzt bei einem Besuch keine Cookies und\u00a0 keinerlei statistische Analysetools.<\/p>\n<p><em>Wir weisen jedoch ausdr\u00fccklich darauf hin, dass die Daten\u00fcbertragung im Internet\u00a0 Sicherheitsl\u00fccken aufweisen und nicht l\u00fcckenlos vor dem Zugriff durch Dritte (insbesondere &#8222;Staatliche Geheimdienste&#8220;, sowie Ihren Provider und die technischen Hilfsmittel in Ihrem Haushalt) gesch\u00fctzt werden kann.<\/em><\/p>\n<h4>Eingebettete Inhalte von anderen Websites<\/h4>\n<p>Beitr\u00e4ge auf dieser Website k\u00f6nnen eingebettete Inhalte beinhalten (z. B. Videos, Bilder, Beitr\u00e4ge etc.). Eingebettete Inhalte von anderen Websites verhalten sich exakt so, als ob Sie als BesucherIn diese andere Website besuchen. Darauf haben wir keinen Einflu\u00df.<\/p>\n<p>Diese Websites k\u00f6nnen Daten \u00fcber Sie sammeln, Cookies benutzen, zus\u00e4tzliche Tracking-Dienste von Dritten einbetten und Ihre Interaktion mit diesem eingebetteten Inhalt aufzeichnen, inklusive Ihrer Interaktion mit dem eingebetteten Inhalt.<\/p>\n<hr \/>\n<h3 data-rich-text-format-boundary=\"true\">Angemeldete BenutzerInnen<\/h3>\n<h4>Gravatar<\/h4>\n<p>Wenn Sie hier als Benutzer angemeldet sind, wird der Gravatar- Dienst aufgerufen um Ihr Profilbild den anderen Benutzern anzuzeigen.<br \/><em>Die Nutzung des Gravatar-Dienstes ist nicht zwingend erforderlich.<\/em><br \/>Aus Ihrer E-Mail-Adresse kann eine anonymisierte Zeichenfolge erstellt (auch Hash genannt) und dem Gravatar-Dienst \u00fcbergeben werden, um zu pr\u00fcfen, ob Sie diesen benutzen. Die Datenschutzerkl\u00e4rung des Gravatar-Dienstes finden Sie hier: <a href=\"https:\/\/automattic.com\/privacy\/\">https:\/\/automattic.com\/privacy\/<\/a>.<\/p>\n<h4>Cookies<\/h4>\n<p>Falls Sie sich mit ihrem Konto als Autor oder Redakteur auf dieser Website anmelden, wird ein tempor\u00e4res Cookie gesetzt, um festzustellen, ob Ihr Browser Cookies akzeptiert. Dieses Cookie enth\u00e4lt keine personenbezogenen Daten und wird verworfen, wenn Sie Ihren deinen Browser schlie\u00dfen.<\/p>\n<p>Wenn Sie sich anmelden, werden wir einige Cookies einrichten, um ihre Anmeldeinformationen und Anzeigeoptionen zu speichern. <br \/><strong>Anmelde-Cookies verfallen nach zwei Tagen.<\/strong><br \/><strong>Cookies f\u00fcr die Anzeigeoptionen nach einem Jahr.<\/strong> <br \/>Falls Sie bei der Anmeldung \u201eAngemeldet bleiben\u201c ausw\u00e4hlen, wird ihre Anmeldung zwei Wochen lang aufrechterhalten. <br \/><strong>Mit der Abmeldung werden die Anmelde-Cookies gel\u00f6scht.<\/strong><\/p>\n<p>Wenn Sie einen Artikel bearbeiten oder ver\u00f6ffentlichen, wird ein zus\u00e4tzlicher Cookie in ihrem Browser gespeichert. Dieser Cookie enth\u00e4lt keine personenbezogenen Daten und verweist lediglich auf die Beitrags-ID des Artikels, den Sie gerade bearbeitet aben. <br \/><strong>Dieser Cookie verf\u00e4llt nach einem Tag.<\/strong><\/p>\n<h4>Ihre Rechte an ihren Daten<\/h4>\n<p>Wenn Sie ein Konto auf dieser Website besitzen oder Beitr\u00e4ge geschrieben haben, k\u00f6nnen Sie einen Export Ihrer personenbezogenen Daten bei uns anfordern, inklusive aller Daten, die Sie uns mitgeteilt haben.<\/p>\n<p><strong>Anfragen bitte an Johannes Schreiner (sarahmader16@gmail.com)<\/strong><\/p>\n<p>Dar\u00fcber hinaus k\u00f6nnen Sie die L\u00f6schung aller personenbezogenen Daten, die wir von Ihnen gespeichert haben, anfordern. Ausgenommen sind jene Daten, die wir aufgrund administrativer, rechtlicher oder sicherheitsrelevanter Notwendigkeiten aufbewahren m\u00fcssen. <br \/>Diese Daten werden von uns jedoch nach Ablauf der gesetzlichen Fristen automatisch gel\u00f6scht und nur auf gerichtlichen Beschluss weitergegeben.<\/p>\n<hr \/>\n<h5>Mehr zum Thema:<\/h5>\n<ul>\n<li><a href=\"http:\/\/www.waldorfkindergartenseminar.at\/index.php\/impressum\/\">Impressum<\/a><\/li>\n<li><a href=\"http:\/\/www.waldorfkindergartenseminar.at\/index.php\/allgemeine-geschaeftsbedingungen\/\">Allgemeine Gesch\u00e4ftsbedingungen<\/a><\/li>\n<\/ul>\n<p>&nbsp;<\/p>\n\n\n<p><\/p>\n","protected":false},"excerpt":{"rendered":"<p>Eigent\u00fcmer: Waldorfkindergarten-Seminarder Wiener Vereinigung f\u00fcr Waldorfp\u00e4dagogik und Waldorfschulen &#8211; Erwachsenenbildung Webmaster: Johannes Schreiner Kontakt: sarahmader16@gmail.com Die Verwendung der oben angegebenen Kontaktdaten zur gewerblichen Werbung ist ausdr\u00fccklich nicht erw\u00fcnscht. Es sei denn, wir haben Ihnen zuvor seine schriftliche Einwilligung erteilt oder es besteht bereits eine Gesch\u00e4ftsbeziehung. Wir und alle auf dieser&#8230;<\/p>\n<p> <a class=\"continue-reading-link\" href=\"http:\/\/www.waldorfkindergartenseminar.at\/index.php\/datenschutzerklaerung\/\"><span>Mehr anzeigen<\/span><i class=\"crycon-right-dir\"><\/i><\/a> <\/p>\n","protected":false},"author":1,"featured_media":0,"parent":0,"menu_order":0,"comment_status":"closed","ping_status":"closed","template":"","meta":{"footnotes":""},"_links":{"self":[{"href":"http:\/\/www.waldorfkindergartenseminar.at\/index.php\/wp-json\/wp\/v2\/pages\/901"}],"collection":[{"href":"http:\/\/www.waldorfkindergartenseminar.at\/index.php\/wp-json\/wp\/v2\/pages"}],"about":[{"href":"http:\/\/www.waldorfkindergartenseminar.at\/index.php\/wp-json\/wp\/v2\/types\/page"}],"author":[{"embeddable":true,"href":"http:\/\/www.waldorfkindergartenseminar.at\/index.php\/wp-json\/wp\/v2\/users\/1"}],"replies":[{"embeddable":true,"href":"http:\/\/www.waldorfkindergartenseminar.at\/index.php\/wp-json\/wp\/v2\/comments?post=901"}],"version-history":[{"count":4,"href":"http:\/\/www.waldorfkindergartenseminar.at\/index.php\/wp-json\/wp\/v2\/pages\/901\/revisions"}],"predecessor-version":[{"id":970,"href":"http:\/\/www.waldorfkindergartenseminar.at\/index.php\/wp-json\/wp\/v2\/pages\/901\/revisions\/970"}],"wp:attachment":[{"href":"http:\/\/www.waldorfkindergartenseminar.at\/index.php\/wp-json\/wp\/v2\/media?parent=901"}],"curies":[{"name":"wp","href":"https:\/\/api.w.org\/{rel}","templated":true}]}}

Datenschutzerklärung

<ul>
<li><strong>Eigentümer:</strong> Waldorfkindergarten-Seminar<br />der Wiener Vereinigung für Waldorfpädagogik und Waldorfschulen &#8211; Erwachsenenbildung</li>
<li><strong>Webmaster: </strong>Johannes Schreiner</li>
<li><strong>Kontakt:</strong> sarahmader16@gmail.com</li>
</ul>
<p>Die Verwendung der oben angegebenen Kontaktdaten zur gewerblichen Werbung ist ausdrücklich nicht erwünscht. Es sei denn, wir haben Ihnen zuvor seine schriftliche Einwilligung erteilt oder es besteht bereits eine Geschäftsbeziehung.</p>
<p>Wir und alle auf dieser Website tätigen Personen widersprechen hiermit jeder kommerziellen Verwendung und Weitergabe unserer Daten.</p>
<hr />
<h3>Welche personenbezogenen Daten wir sammeln und warum wir diese sammeln</h3>
<hr />
<h3>BesucherInnen der Seite</h3>
<p>Die Seite benutzt bei einem Besuch keine Cookies und  keinerlei statistische Analysetools.</p>
<p><em>Wir weisen jedoch ausdrücklich darauf hin, dass die Datenübertragung im Internet  Sicherheitslücken aufweisen und nicht lückenlos vor dem Zugriff durch Dritte (insbesondere &#8222;Staatliche Geheimdienste&#8220;, sowie Ihren Provider und die technischen Hilfsmittel in Ihrem Haushalt) geschützt werden kann.</em></p>
<h4>Eingebettete Inhalte von anderen Websites</h4>
<p>Beiträge auf dieser Website können eingebettete Inhalte beinhalten (z. B. Videos, Bilder, Beiträge etc.). Eingebettete Inhalte von anderen Websites verhalten sich exakt so, als ob Sie als BesucherIn diese andere Website besuchen. Darauf haben wir keinen Einfluß.</p>
<p>Diese Websites können Daten über Sie sammeln, Cookies benutzen, zusätzliche Tracking-Dienste von Dritten einbetten und Ihre Interaktion mit diesem eingebetteten Inhalt aufzeichnen, inklusive Ihrer Interaktion mit dem eingebetteten Inhalt.</p>
<hr />
<h3 data-rich-text-format-boundary="true">Angemeldete BenutzerInnen</h3>
<h4>Gravatar</h4>
<p>Wenn Sie hier als Benutzer angemeldet sind, wird der Gravatar- Dienst aufgerufen um Ihr Profilbild den anderen Benutzern anzuzeigen.<br /><em>Die Nutzung des Gravatar-Dienstes ist nicht zwingend erforderlich.</em><br />Aus Ihrer E-Mail-Adresse kann eine anonymisierte Zeichenfolge erstellt (auch Hash genannt) und dem Gravatar-Dienst übergeben werden, um zu prüfen, ob Sie diesen benutzen. Die Datenschutzerklärung des Gravatar-Dienstes finden Sie hier: <a href="https://automattic.com/privacy/">https://automattic.com/privacy/</a>.</p>
<h4>Cookies</h4>
<p>Falls Sie sich mit ihrem Konto als Autor oder Redakteur auf dieser Website anmelden, wird ein temporäres Cookie gesetzt, um festzustellen, ob Ihr Browser Cookies akzeptiert. Dieses Cookie enthält keine personenbezogenen Daten und wird verworfen, wenn Sie Ihren deinen Browser schließen.</p>
<p>Wenn Sie sich anmelden, werden wir einige Cookies einrichten, um ihre Anmeldeinformationen und Anzeigeoptionen zu speichern. <br /><strong>Anmelde-Cookies verfallen nach zwei Tagen.</strong><br /><strong>Cookies für die Anzeigeoptionen nach einem Jahr.</strong> <br />Falls Sie bei der Anmeldung „Angemeldet bleiben“ auswählen, wird ihre Anmeldung zwei Wochen lang aufrechterhalten. <br /><strong>Mit der Abmeldung werden die Anmelde-Cookies gelöscht.</strong></p>
<p>Wenn Sie einen Artikel bearbeiten oder veröffentlichen, wird ein zusätzlicher Cookie in ihrem Browser gespeichert. Dieser Cookie enthält keine personenbezogenen Daten und verweist lediglich auf die Beitrags-ID des Artikels, den Sie gerade bearbeitet aben. <br /><strong>Dieser Cookie verfällt nach einem Tag.</strong></p>
<h4>Ihre Rechte an ihren Daten</h4>
<p>Wenn Sie ein Konto auf dieser Website besitzen oder Beiträge geschrieben haben, können Sie einen Export Ihrer personenbezogenen Daten bei uns anfordern, inklusive aller Daten, die Sie uns mitgeteilt haben.</p>
<p><strong>Anfragen bitte an Johannes Schreiner (sarahmader16@gmail.com)</strong></p>
<p>Darüber hinaus können Sie die Löschung aller personenbezogenen Daten, die wir von Ihnen gespeichert haben, anfordern. Ausgenommen sind jene Daten, die wir aufgrund administrativer, rechtlicher oder sicherheitsrelevanter Notwendigkeiten aufbewahren müssen. <br />Diese Daten werden von uns jedoch nach Ablauf der gesetzlichen Fristen automatisch gelöscht und nur auf gerichtlichen Beschluss weitergegeben.</p>
<hr />
<h5>Mehr zum Thema:</h5>
<ul>
<li><a href="http://www.waldorfkindergartenseminar.at/index.php/impressum/">Impressum</a></li>
<li><a href="http://www.waldorfkindergartenseminar.at/index.php/allgemeine-geschaeftsbedingungen/">Allgemeine Geschäftsbedingungen</a></li>
</ul>
<p>&nbsp;</p>


<p></p>

<p>Eigentümer: Waldorfkindergarten-Seminarder Wiener Vereinigung für Waldorfpädagogik und Waldorfschulen &#8211; Erwachsenenbildung Webmaster: Johannes Schreiner Kontakt: sarahmader16@gmail.com Die Verwendung der oben angegebenen Kontaktdaten zur gewerblichen Werbung ist ausdrücklich nicht erwünscht. Es sei denn, wir haben Ihnen zuvor seine schriftliche Einwilligung erteilt oder es besteht bereits eine Geschäftsbeziehung. Wir und alle auf dieser&#8230;</p>
<p> <a class="continue-reading-link" href="http://www.waldorfkindergartenseminar.at/index.php/datenschutzerklaerung/"><span>Mehr anzeigen</span><i class="crycon-right-dir"></i></a> </p>
